{"id":85,"date":"2016-03-30T16:07:28","date_gmt":"2016-03-30T15:07:28","guid":{"rendered":"http:\/\/www.valentin-spectacle.fr\/?page_id=85"},"modified":"2023-02-07T11:08:21","modified_gmt":"2023-02-07T10:08:21","slug":"conditions","status":"publish","type":"page","link":"http:\/\/www.valentin-spectacle.fr\/?page_id=85","title":{"rendered":"Conditions"},"content":{"rendered":"<div id=\"comp-imewgp2c\" class=\"s2\" data-reactid=\".0.$SITE_ROOT.$desktop_siteRoot.$PAGES_CONTAINER.1.1.$SITE_PAGES.$zn447.1.$comp-imewgp2c\">\n<p class=\"font_8\"><span class=\"color_15\">Capacit\u00e9 d\u2019accueil : 10 \u00e0 100 enfants<br \/>\nDur\u00e9e du spectacle : 25 \u00e0 30 minutes<br \/>\nConditions techniques :<br \/>\n\u2605 2,5\u00a0m\u00e8tres de fa\u00e7ade\u00a0&#8211;\u00a02,5\u00a0m\u00e8tres de profondeur,<br \/>\n\u2605 2, 20 m\u00e8tres de hauteur et une prise de courant.<\/span><\/p>\n<p class=\"font_8\"><span class=\"color_15\">\u2605Pour les plus petits espaces&#8230; nous\u00a0consulter<\/span><\/p>\n<\/div>\n<div id=\"comp-imewimnm\" class=\"s2\" data-reactid=\".0.$SITE_ROOT.$desktop_siteRoot.$PAGES_CONTAINER.1.1.$SITE_PAGES.$zn447.1.$comp-imewimnm\">\n<p class=\"font_8\"><span class=\"color_15\">Tarif : 500 euros TTC<br \/>\n(pour max 60 enfants dans vos locaux en semaine)<br \/>\nPour les s\u00e9ances : le soir apr\u00e8s 17h, le week-end, avec les parents\u2026 nous\u00a0consulter<\/span><\/p>\n<\/div>\n","protected":false},"excerpt":{"rendered":"<p>Capacit\u00e9 d\u2019accueil : 10 \u00e0 100 enfants Dur\u00e9e du spectacle : 25 \u00e0 30 minutes Conditions techniques : \u2605 2,5\u00a0m\u00e8tres de fa\u00e7ade\u00a0&#8211;\u00a02,5\u00a0m\u00e8tres de profondeur, \u2605 2, 20 m\u00e8tres de hauteur et une prise de courant. \u2605Pour les plus petits espaces&#8230; nous\u00a0consulter Tarif : 500 euros TTC (pour max 60 enfants dans vos locaux en semaine) &hellip; <a href=\"http:\/\/www.valentin-spectacle.fr\/?page_id=85\" class=\"more-link\">Continuer la lecture de <span class=\"screen-reader-text\">Conditions<\/span><\/a><\/p>\n","protected":false},"author":1,"featured_media":0,"parent":0,"menu_order":0,"comment_status":"closed","ping_status":"closed","template":"","meta":[],"_links":{"self":[{"href":"http:\/\/www.valentin-spectacle.fr\/index.php?rest_route=\/wp\/v2\/pages\/85"}],"collection":[{"href":"http:\/\/www.valentin-spectacle.fr\/index.php?rest_route=\/wp\/v2\/pages"}],"about":[{"href":"http:\/\/www.valentin-spectacle.fr\/index.php?rest_route=\/wp\/v2\/types\/page"}],"author":[{"embeddable":true,"href":"http:\/\/www.valentin-spectacle.fr\/index.php?rest_route=\/wp\/v2\/users\/1"}],"replies":[{"embeddable":true,"href":"http:\/\/www.valentin-spectacle.fr\/index.php?rest_route=%2Fwp%2Fv2%2Fcomments&post=85"}],"version-history":[{"count":2,"href":"http:\/\/www.valentin-spectacle.fr\/index.php?rest_route=\/wp\/v2\/pages\/85\/revisions"}],"predecessor-version":[{"id":109,"href":"http:\/\/www.valentin-spectacle.fr\/index.php?rest_route=\/wp\/v2\/pages\/85\/revisions\/109"}],"wp:attachment":[{"href":"http:\/\/www.valentin-spectacle.fr\/index.php?rest_route=%2Fwp%2Fv2%2Fmedia&parent=85"}],"curies":[{"name":"wp","href":"https:\/\/api.w.org\/{rel}","templated":true}]}}